y 253312?
939
What is the remainder when 8864971 is divided by 11513?
11474
What is the remainder when 13222546 is divided by 111113?
99
What is the remainder when 59838 is divided by 21?
9
What is the remainder when 195529 is divided by 2057?
114
Calculate the remainder when 2471119 is divided by 3160.
3159
Calculate the remainder when 5556461 is divided by 865.
566
Calculate the remainder when 17114950 is divided by 7553.
7405
Calculate the remainder when 41970 is divided by 1326.
864
Calculate the remainder when 8342689 is divided by 35.
19
Calculate the remainder when 533628 is divided by 106718.
38
Calculate the remainder when 28456 is divided by 8905.
1741
What is the remainder when 135917 is divided by 1133?
1090
Calculate the remainder when 817681 is divided by 1406.
795
Calculate the remainder when 7540 is divided by 3320.
900
What is the remainder when 3060312 is divided by 11088?
24
What is the remainder when 165555720 is divided by 3522462?
6
Calculate the remainder when 689767 is divided by 1159.
162
What is the remainder when 87987643 is divided by 359?
333
Calculate the remainder when 10320383 is divided by 372.
359
Calculate the remainder when 2275080367 is divided by 152.
151
Calculate the remainder when 3164071 is divided by 1155.
526
Calculate the remainder when 1318217 is divided by 14318.
961
Calculate the remainder when 2868584 is divided by 3524.
48
Calculate the remainder when 1209793 is divided by 10898.
115
Calculate the remainder when 657984 is divided by 82248.
0
What is the remainder when 79819220 is divided by 39378?
14
What is the remainder when 68640691 is divided by 201?
196
What is the remainder when 1418100 is divided by 1538?
64
What is the remainder when 186451787 is divided by 509?
506
Calculate the remainder when 1978535647 is divided by 91.
88
What is the remainder when 6033453 is divided by 66?
63
Calculate the remainder when 50039 is divided by 23.
14
What is the remainder when 140239 is divided by 140019?
220
What is the remainder when 662029 is divided by 10?
9
What is the remainder when 2919273 is divided by 540?
33
Calculate the remainder when 1249898 is divided by 56.
34
What is the remainder when 28919653 is divided by 40?
13
What is the remainder when 520457 is divided by 2639?
574
What is the remainder when 14611223 is divided by 1522?
23
Calculate the remainder when 42574437 is divided by 1407.
24
What is the remainder when 884117 is divided by 573?
551
What is the remainder when 21372804 is divided by 780?
24
Calculate the remainder when 1534872 is divided by 52919.
221
Calculate the remainder when 10580150 is divided by 958.
956
Calculate the remainder when 143836772 is divided by 677.
675
Calculate the remainder when 2934757 is divided by 2.
1
Calculate the remainder when 837566214 is divided by 155.
154
What is the remainder when 595568 is divided by 31324?
412
Calculate the remainder when 9356037 is divided by 227.
5
What is the remainder when 602610 is divided by 524?
10
Calculate the remainder when 36273845 is divided by 328.
325
Calculate the remainder when 561946654 is divided by 4180.
4174
What is the remainder when 1577472 is divided by 382?
194
Calculate the remainder when 59299 is divided by 19561.
616
What is the remainder when 10075 is divided by 1799?
1080
What is the remainder when 221676 is divided by 20008?
1588
Calculate the remainder when 312827 is divided by 156145.
537
Calculate the remainder when 17061765 is divided by 8530859.
47
What is the remainder when 550108649 is divided by 14?
13
Calculate the remainder when 295918 is divided by 33.
7
What is the remainder when 9439351 is divided by 48?
7
What is the remainder when 23852309 is divided by 8?
5
Calculate the remainder when 852407 is divided by 10928.
23
What is the remainder when 1435086 is divided by 227?
219
What is the remainder when 45810 is divided by 22875?
60
Calculate the remainder when 351612 is divided by 361.
359
What is the remainder when 2445387 is divided by 815124?
15
Calculate the remainder when 2867605 is divided by 1755.
1690
What is the remainder when 322162910 is divided by 712?
710
What is the remainder when 551059 is divided by 19679?
47
What is the remainder when 445980 is divided by 54?
48
What is the remainder when 3763671 is divided by 605?
571
What is the remainder when 2203411 is divided by 217?
210
Calculate the remainder when 742406 is divided by 74235.
56
What is the remainder when 11494631 is divided by 109?
36
What is the remainder when 1349383 is divided by 22?
13
What is the remainder when 9454325 is divided by 1892?
1
What is the remainder when 15694137 is divided by 4?
1
Calculate the remainder when 6709557 is divided by 6709547.
10
What is the remainder when 87677 is divided by 13?
5
What is the remainder when 282952 is divided by 42?
40
Calculate the remainder when 171977 is divided by 1055.
12
What is the remainder when 2821 is divided by 296?
157
What is the remainder when 63015863 is divided by 21005283?
14
Calculate the remainder when 374909 is divided by 72.
5
What is the remainder when 52321812 is divided by 129?
57
Calculate the remainder when 563579 is divided by 140871.
95
What is the remainder when 435455 is divided by 10976?
7391
What is the remainder when 170201 is divided by 52?
5
Calculate the remainder when 73873 is divided by 73601.
272
Calculate the remainder when 27390978 is divided by 2491.
2433
What is the remainder when 68405 is divided by 64894?
3511
What is the remainder when 331678066 is divided by 5176?
5162
What is the remainder when 5525838 is divided by 53?
5
What is the remainder when 6143181 is divided by 323325?
6
Calculate the remainder when 860598 is divided by 234.
180
What is the remainder when 1475568 is divided by 23799?
30
What is the remainder when 21330 is divided by 5317?
62
Calculate the remainder when 570008 is divided by 3985.
153
Calculate the remainder when 21753473 is divided by 4189.
4185
Calculate the remainder when 476089 is divided by 103.
23
Calculate the remainder when 3127509 is divided by 33.
0
Calculate the remainder when 1454487 is divided by 160.
87
Calculate the remainder when 63857048 is divided by 14.
10
Calculate the remainder when 822369 is divided by 582.
3
Calculate the remainder when 1684682 is divided by 561514.
140
Calculate the remainder when 13224 is divided by 1949.
1530
What is the remainder when 364878 is divided by 364874?
4
Calculate the remainder when 348457 is divided by 3290.
3007
What is the remainder when 590185 is divided by 15949?
72
What is the remainder when 7238016 is divided by 675?
666
What is the remainder when 1882928 is divided by 313809?
74
Calculate the remainder when 78292 is divided by 438.
328
What is the remainder when 165352 is divided by 7189?
5
What is the remainder when 1444484 is divided by 481366?
386
Calculate the remainder when 418081393 is divided by 59725913.
2
What is the remainder when 31215865 is divided by 4628?
5
What is the remainder when 44706914 is divided by 1737?
8
Calculate the remainder when 86264 is divided by 161.
129
Calculate the remainder when 1754632 is divided by 23.
8
Calculate the remainder when 38195604 is divided by 133.
132
Calculate the remainder when 249399 is divided by 35602.
185
What is the remainder when 23828 is divided by 1795?
493
Calculate the remainder when 1456 is divided by 398.
262
Calculate the remainder when 7498456 is divided by 5849.
38
Calculate the remainder when 2785314 is divided by 1244.
1242
What is the remainder when 11311727 is divided by 42?
35
Calculate the remainder when 23212 is divided by 666.
568
What is the remainder when 59922553 is divided by 739?
738
Calculate the remainder when 49909 is divided by 3357.
2911
What is the remainder when 6870552 is divided by 92?
84
Calculate the remainder when 224030 is divided by 340.
310
What is the remainder when 1361384 is divided by 31?
19
What is the remainder when 19520601 is divided by 166?
163
What is the remainder when 47694 is divided by 45701?
1993
Calculate the remainder when 19985 is divided by 7241.
5503
What is the remainder when 397371 is divided by 5519?
3
What is the remainder when 11094024 is divided by 7?
4
Calculate the remainder when 968003 is divided b